{"id":577,"date":"2022-09-26T09:15:10","date_gmt":"2022-09-26T08:15:10","guid":{"rendered":"http:\/\/www.schneps-transport.at\/?page_id=577"},"modified":"2026-03-27T09:40:54","modified_gmt":"2026-03-27T08:40:54","slug":"impressum-2","status":"publish","type":"page","link":"http:\/\/www.schneps-transport.at\/index.php\/impressum-2\/","title":{"rendered":"Impressum"},"content":{"rendered":"\t\t<div data-elementor-type=\"wp-page\" data-elementor-id=\"577\" class=\"elementor elementor-577\">\n\t\t\t\t\t\t<section class=\"elementor-section elementor-top-section elementor-element elementor-element-f852c30 elementor-section-boxed elementor-section-height-default elementor-section-height-default\" data-id=\"f852c30\" data-element_type=\"section\" data-e-type=\"section\">\n\t\t\t\t\t\t<div class=\"elementor-container elementor-column-gap-default\">\n\t\t\t\t\t<div class=\"elementor-column elementor-col-100 elementor-top-column elementor-element elementor-element-63770d2\" data-id=\"63770d2\" data-element_type=\"column\" data-e-type=\"column\">\n\t\t\t<div class=\"elementor-widget-wrap elementor-element-populated\">\n\t\t\t\t\t\t<div class=\"elementor-element elementor-element-1ed617b elementor-widget elementor-widget-text-editor\" data-id=\"1ed617b\" data-element_type=\"widget\" data-e-type=\"widget\" data-widget_type=\"text-editor.default\">\n\t\t\t\t<div class=\"elementor-widget-container\">\n\t\t\t\t\t\t\t\t\t<h3><strong>Informationen gem\u00e4\u00df \u00a75 Abs.1 ECG, \u00a714 UGB und \u00a725 Mediengesetz<\/strong><\/h3><figure><\/figure><p><strong>Firmenname\/Medieninhaber:<\/strong> Schneps Transport Ges.m.b.H.<br \/><strong>Stra\u00dfe:<\/strong> Zur Schleuse 7<br \/><strong>PLZ\/Ort:<\/strong> A-2000 Stockerau<br \/><strong>Telefon:<\/strong> <a href=\"tel:+43227372060\">+43 (0) 2266\/636 49 &#8211; 0 <\/a><br \/><strong>Homepage:<\/strong>\u00a0<a href=\"http:\/\/www.eigner-rothbauer.at\/\" target=\"_blank\" rel=\"noreferrer noopener\">www.schneps-transport.at<\/a><br \/><strong>E-Mail:<\/strong>\u00a0\u00a0<a href=\"mailto:office@eigner-rothbauer.at\">office@schneps-transport.at<\/a><\/p><p><strong>UID (VAT):<\/strong> ATU68470567<!-- [if gte mso 9]><xml><br \/><o:OfficeDocumentSettings><br \/><o:AllowPNG\/><br \/><\/o:OfficeDocumentSettings><br \/><\/xml><![endif]--><br \/><strong>Firmenbuchnummer (FN):<\/strong>\u00a0410843g<\/p><p><strong>GLN: <\/strong>9110020008427<\/p><p><strong>HFU-DG-Nummer: <\/strong>401945117<\/p><p><strong>Firmenbuchgericht:<\/strong> Landesgericht Korneuburg<br \/>Beh\u00f6rde gem\u00e4\u00df ECG (E-Commerce Gesetz): Bezirkshauptmannschaft Korneuburg<\/p><h3><strong>Unternehmensgegenstand:<\/strong><\/h3><p>Transporte, Erdarbeiten, Abbruch, Entsorgung bzw. Recycling von Baurestmassen, Gewinnung von Sand und Schotter, Container, Abfallsammler und Abfallbehandler<\/p><p>Mitglied der Wirtschaftskammer Nieder\u00f6sterreich<\/p><h3>Fachgruppe\/Berufszweig:<img decoding=\"async\" class=\"alignright\" src=\"https:\/\/eigner-rothbauer.at\/wp-content\/uploads\/2021\/02\/Gueterbefoerderung_506.png\" sizes=\"125px\" srcset=\"https:\/\/eigner-rothbauer.at\/wp-content\/uploads\/2021\/02\/Gueterbefoerderung_506.png 198w, https:\/\/eigner-rothbauer.at\/wp-content\/uploads\/2021\/02\/Gueterbefoerderung_506-150x150.png 150w, https:\/\/eigner-rothbauer.at\/wp-content\/uploads\/2021\/02\/Gueterbefoerderung_506-75x75.png 75w\" alt=\"\" width=\"125\" height=\"125\" data-src=\"https:\/\/eigner-rothbauer.at\/wp-content\/uploads\/2021\/02\/Gueterbefoerderung_506.png\" data-srcset=\"https:\/\/eigner-rothbauer.at\/wp-content\/uploads\/2021\/02\/Gueterbefoerderung_506.png 198w, https:\/\/eigner-rothbauer.at\/wp-content\/uploads\/2021\/02\/Gueterbefoerderung_506-150x150.png 150w, https:\/\/eigner-rothbauer.at\/wp-content\/uploads\/2021\/02\/Gueterbefoerderung_506-75x75.png 75w\" data-sizes=\"auto\" data-wp-editing=\"1\" \/><\/h3><ul><li>FG G\u00fcterbef\u00f6rderungsgewerbe<\/li><li>LI Bau<\/li><li>LI Bauhilfsgewerbe<\/li><\/ul><h3><strong>Gewerbeberechtigungen:<\/strong><\/h3><ul><li>G\u00fcterbef\u00f6rderung<\/li><li>Erdbau<\/li><li>Sand-, Kies- und Schottererzeuger<\/li><li>Lohnbaggergewerbe<\/li><li>Abbruchgewerbe<\/li><li>Vermietung von Baumaschinen<\/li><li>Handel Sand, Schotter und Baustoffen<\/li><li>Abfallsammler und Abfallbehandler<\/li><\/ul><h3><strong>Bankverbindungen<\/strong><\/h3><figure><table style=\"height: 78px;\" width=\"328\"><tbody><tr><td>Bankinstitut:<\/td><td>Raiffeisenbank Stockerau<\/td><\/tr><tr><td>IBAN:<\/td><td>AT52 3284 2000 0018 3020<\/td><\/tr><tr><td>BIC\/SWIFT:<\/td><td>RLNWATWWSTO<\/td><\/tr><\/tbody><\/table><table style=\"height: 78px;\" width=\"328\"><tbody><tr><td>Bankinstitut:<\/td><td>Uni Credit Bank Austria AG<\/td><\/tr><tr><td>IBAN:<\/td><td>AT89 1100 0097 9316 7900<\/td><\/tr><tr><td>BIC\/SWIFT:<\/td><td>BKAUATWW<\/td><\/tr><\/tbody><\/table><\/figure><hr \/><h2><strong>Rechtliche Hinweise zum Copyright<\/strong><\/h2><p>F\u00fcr alle hier ver\u00f6ffentlichten Artikel, Fotos und Logos besitzt Schneps Transport Ges.m.b.H., sofern nicht anders vermerkt, das alleinige Copyright. Jegliche Ver\u00f6ffentlichung von Inhalten auf anderen Websites wie auch in anderen Medien ist nur mit schriftlicher Genehmigung von Schneps Transport Ges.m.b.H gestattet. Das ausschnittweise Zitieren aus unseren Beitr\u00e4gen ist nur im Rahmen des \u00f6sterreichischen Urheberrechtsgesetze (UrhG) und unter eindeutiger Quellangabe inkl. dem Anbringen eines Links auf die entsprechende Seite unseres Webauftritts erlaubt.<\/p><h2><strong>Haftung (Disclaimer)<\/strong><\/h2><p>Wir \u00fcbernehmen keinerlei Gew\u00e4hr f\u00fcr die Aktualit\u00e4t, Korrektheit, Vollst\u00e4ndigkeit oder Qualit\u00e4t der bereitgestellten Informationen und deren externen Links. Zum Zeitpunkt der Linksetzung auf externe Webseiten haben sich auf diesen keine illegalen Inhalte befunden. Eine laufende \u00dcberpr\u00fcfung dieser Links ist redaktionell jedoch nicht m\u00f6glich.<br \/>Es gilt die Linkhaftung nach \u00f6sterreichischem E-Commerce-Gesetz (ECG).<\/p><h2>Bildernachweis<\/h2><p>Die Bilder, Fotos und Grafiken auf dieser Webseite sind urheberrechtlich gesch\u00fctzt.<\/p><p>Die Bilderrechte liegen bei den folgenden Fotografen und Unternehmen:<\/p><ul><li>Schneps Transport Ges.m.b.H.<\/li><\/ul><h2>Web Design<\/h2><p>Medien4you KG<\/p>\t\t\t\t\t\t\t\t<\/div>\n\t\t\t\t<\/div>\n\t\t\t\t\t<\/div>\n\t\t<\/div>\n\t\t\t\t\t<\/div>\n\t\t<\/section>\n\t\t\t\t<\/div>\n\t\t","protected":false},"excerpt":{"rendered":"<p>Informationen gem\u00e4\u00df \u00a75 Abs.1 ECG, \u00a714 UGB und \u00a725 Mediengesetz Firmenname\/Medieninhaber: Schneps Transport Ges.m.b.H.Stra\u00dfe: Zur Schleuse 7PLZ\/Ort: A-2000 StockerauTelefon: +43 (0) 2266\/636 49 &#8211; 0 Homepage:\u00a0www.schneps-transport.atE-Mail:\u00a0\u00a0office@schneps-transport.at UID (VAT): ATU68470567Firmenbuchnummer (FN):\u00a0410843g GLN: 9110020008427 HFU-DG-Nummer: 401945117 Firmenbuchgericht: Landesgericht KorneuburgBeh\u00f6rde gem\u00e4\u00df ECG (E-Commerce Gesetz): Bezirkshauptmannschaft Korneuburg Unternehmensgegenstand: Transporte, Erdarbeiten, Abbruch, Entsorgung bzw. Recycling von Baurestmassen, Gewinnung von Sand [&hellip;]<\/p>\n","protected":false},"author":1,"featured_media":0,"parent":0,"menu_order":0,"comment_status":"closed","ping_status":"closed","template":"","meta":{"_themeisle_gutenberg_block_has_review":false,"footnotes":""},"class_list":["post-577","page","type-page","status-publish","hentry"],"_links":{"self":[{"href":"http:\/\/www.schneps-transport.at\/index.php\/wp-json\/wp\/v2\/pages\/577","targetHints":{"allow":["GET"]}}],"collection":[{"href":"http:\/\/www.schneps-transport.at\/index.php\/wp-json\/wp\/v2\/pages"}],"about":[{"href":"http:\/\/www.schneps-transport.at\/index.php\/wp-json\/wp\/v2\/types\/page"}],"author":[{"embeddable":true,"href":"http:\/\/www.schneps-transport.at\/index.php\/wp-json\/wp\/v2\/users\/1"}],"replies":[{"embeddable":true,"href":"http:\/\/www.schneps-transport.at\/index.php\/wp-json\/wp\/v2\/comments?post=577"}],"version-history":[{"count":30,"href":"http:\/\/www.schneps-transport.at\/index.php\/wp-json\/wp\/v2\/pages\/577\/revisions"}],"predecessor-version":[{"id":846,"href":"http:\/\/www.schneps-transport.at\/index.php\/wp-json\/wp\/v2\/pages\/577\/revisions\/846"}],"wp:attachment":[{"href":"http:\/\/www.schneps-transport.at\/index.php\/wp-json\/wp\/v2\/media?parent=577"}],"curies":[{"name":"wp","href":"https:\/\/api.w.org\/{rel}","templated":true}]}}